{"id":142,"date":"2024-12-04T23:43:38","date_gmt":"2024-12-04T23:43:38","guid":{"rendered":"https:\/\/handballaaaj.com.ar\/?page_id=142"},"modified":"2024-12-05T14:41:03","modified_gmt":"2024-12-05T14:41:03","slug":"play-like-a-champion-today","status":"publish","type":"page","link":"https:\/\/handballaaaj.com.ar\/?page_id=142","title":{"rendered":"M\u00e1s que un deporte, una filosof\u00eda de vida"},"content":{"rendered":"<p>Brindamos un espacio de recreaci\u00f3n y formaci\u00f3n de calidad, generando un bienestar y desarrollo personal, deportivo y profesional.<!--more--><\/p>\n<p>Inculcamos valores como<\/p>\n<p><strong>Sentido de pertenencia:<\/strong> representado en la satisfacci\u00f3n de las personas al sentirse parte integrante de nuestra comunidad como familia de Handball AAAJ, donde cada unas de las personas que la forman est\u00e1n dispuestas a defender a su comunidad, manifestar abiertamente su adhesi\u00f3n, apoyo e inclusi\u00f3n.<\/p>\n<p><strong>Respeto:<\/strong> Equivale a sentir aprecio y reconocimiento por una persona, y favorecer desde la empat\u00eda, la valoraci\u00f3n de sus intereses y necesidades. As\u00ed se lograr\u00e1 desarrollar actitudes de solidaridad y tolerancia hacia el pr\u00f3jimo, permitiendo la atenci\u00f3n a la diversidad de<br \/>\nideas, opiniones y maneras, garantizando una sana convivencia.<\/p>\n<p><strong>Responsabilidad:<\/strong> como capacidad de comprometerse y actuar de manera correcta, ejerciendo sus derechos, tanto como sus obligaciones, lo cual se mostrar\u00e1 a trav\u00e9s de los comportamientos de constancia y disciplina.<\/p>\n<p><strong>Participaci\u00f3n activa:<\/strong> que propicie la integraci\u00f3n de los distintos actores que forman parte de la actividad, en la toma de decisiones sobre temas que afectan los intereses y su desarrollo.<\/p>\n<p><strong>Competitividad:<\/strong> como la capacidad que posibilita desarrollar en nuestros\/as jugadores\/as la mejora de su rendimiento en su trayecto deportivo y personal, de manera tal que le permita innovar y mejorar sus recursos para alcanzar los objetivos pretendidos.<\/p>\n<p><strong>Confianza:<\/strong> que se traduce en la posibilidad de desarrollar personas con seguridad en ellas mismas, con expectativas positivas de realizar sus objetivos y los de cada uno de los grupos o equipos a los que<br \/>\npertenecen.<\/p>\n","protected":false},"excerpt":{"rendered":"<p>Brindamos un espacio de recreaci\u00f3n y formaci\u00f3n de calidad, generando un bienestar y desarrollo personal, deportivo y profesional.<\/p>\n","protected":false},"author":1,"featured_media":204,"parent":0,"menu_order":0,"comment_status":"closed","ping_status":"closed","template":"","meta":{"_eb_attr":"","footnotes":""},"class_list":["post-142","page","type-page","status-publish","has-post-thumbnail","hentry"],"_links":{"self":[{"href":"https:\/\/handballaaaj.com.ar\/index.php?rest_route=\/wp\/v2\/pages\/142","targetHints":{"allow":["GET"]}}],"collection":[{"href":"https:\/\/handballaaaj.com.ar\/index.php?rest_route=\/wp\/v2\/pages"}],"about":[{"href":"https:\/\/handballaaaj.com.ar\/index.php?rest_route=\/wp\/v2\/types\/page"}],"author":[{"embeddable":true,"href":"https:\/\/handballaaaj.com.ar\/index.php?rest_route=\/wp\/v2\/users\/1"}],"replies":[{"embeddable":true,"href":"https:\/\/handballaaaj.com.ar\/index.php?rest_route=%2Fwp%2Fv2%2Fcomments&post=142"}],"version-history":[{"count":9,"href":"https:\/\/handballaaaj.com.ar\/index.php?rest_route=\/wp\/v2\/pages\/142\/revisions"}],"predecessor-version":[{"id":240,"href":"https:\/\/handballaaaj.com.ar\/index.php?rest_route=\/wp\/v2\/pages\/142\/revisions\/240"}],"wp:featuredmedia":[{"embeddable":true,"href":"https:\/\/handballaaaj.com.ar\/index.php?rest_route=\/wp\/v2\/media\/204"}],"wp:attachment":[{"href":"https:\/\/handballaaaj.com.ar\/index.php?rest_route=%2Fwp%2Fv2%2Fmedia&parent=142"}],"curies":[{"name":"wp","href":"https:\/\/api.w.org\/{rel}","templated":true}]}}