{"id":140,"date":"2024-12-04T23:43:38","date_gmt":"2024-12-04T23:43:38","guid":{"rendered":"https:\/\/handballaaaj.com.ar\/?page_id=140"},"modified":"2024-12-05T17:01:27","modified_gmt":"2024-12-05T17:01:27","slug":"about-us","status":"publish","type":"page","link":"https:\/\/handballaaaj.com.ar\/?page_id=140","title":{"rendered":"NOSOTROS"},"content":{"rendered":"<p>A continuaci\u00f3n compartimos el diagrama de quienes llevamos adelante la gesti\u00f3n de Handball en esta hermosa Instituci\u00f3n<\/p>\n<p><img fetchpriority=\"high\" decoding=\"async\" class=\"aligncenter wp-image-272 size-full\" src=\"https:\/\/handballaaaj.com.ar\/wp-content\/uploads\/2024\/12\/WhatsApp-Image-2024-12-04-at-19.14.48.jpeg\" alt=\"\" width=\"790\" height=\"424\" srcset=\"https:\/\/handballaaaj.com.ar\/wp-content\/uploads\/2024\/12\/WhatsApp-Image-2024-12-04-at-19.14.48.jpeg 790w, https:\/\/handballaaaj.com.ar\/wp-content\/uploads\/2024\/12\/WhatsApp-Image-2024-12-04-at-19.14.48-300x161.jpeg 300w, https:\/\/handballaaaj.com.ar\/wp-content\/uploads\/2024\/12\/WhatsApp-Image-2024-12-04-at-19.14.48-768x412.jpeg 768w\" sizes=\"(max-width: 790px) 100vw, 790px\" \/><\/p>\n","protected":false},"excerpt":{"rendered":"<p>A continuaci\u00f3n compartimos el diagrama de quienes llevamos adelante la gesti\u00f3n de Handball en esta hermosa Instituci\u00f3n<\/p>\n","protected":false},"author":1,"featured_media":0,"parent":0,"menu_order":0,"comment_status":"closed","ping_status":"closed","template":"","meta":{"_eb_attr":"","footnotes":""},"class_list":["post-140","page","type-page","status-publish","hentry"],"_links":{"self":[{"href":"https:\/\/handballaaaj.com.ar\/index.php?rest_route=\/wp\/v2\/pages\/140","targetHints":{"allow":["GET"]}}],"collection":[{"href":"https:\/\/handballaaaj.com.ar\/index.php?rest_route=\/wp\/v2\/pages"}],"about":[{"href":"https:\/\/handballaaaj.com.ar\/index.php?rest_route=\/wp\/v2\/types\/page"}],"author":[{"embeddable":true,"href":"https:\/\/handballaaaj.com.ar\/index.php?rest_route=\/wp\/v2\/users\/1"}],"replies":[{"embeddable":true,"href":"https:\/\/handballaaaj.com.ar\/index.php?rest_route=%2Fwp%2Fv2%2Fcomments&post=140"}],"version-history":[{"count":3,"href":"https:\/\/handballaaaj.com.ar\/index.php?rest_route=\/wp\/v2\/pages\/140\/revisions"}],"predecessor-version":[{"id":273,"href":"https:\/\/handballaaaj.com.ar\/index.php?rest_route=\/wp\/v2\/pages\/140\/revisions\/273"}],"wp:attachment":[{"href":"https:\/\/handballaaaj.com.ar\/index.php?rest_route=%2Fwp%2Fv2%2Fmedia&parent=140"}],"curies":[{"name":"wp","href":"https:\/\/api.w.org\/{rel}","templated":true}]}}